{"id":2527,"date":"2018-02-09T10:50:27","date_gmt":"2018-02-09T09:50:27","guid":{"rendered":"http:\/\/www.degren.eu\/?post_type=tribe_events&#038;p=2527"},"modified":"2018-02-09T10:52:25","modified_gmt":"2018-02-09T09:52:25","slug":"2a-reuniao-de-coordenacao-do-projeto-degren-2","status":"publish","type":"tribe_events","link":"http:\/\/www.degren.eu\/?tribe_events=2a-reuniao-de-coordenacao-do-projeto-degren-2&lang=pt","title":{"rendered":"2\u00aa Reuni\u00e3o de Coordena\u00e7\u00e3o do projeto DEGREN"},"content":{"rendered":"<hr style=\"margin-bottom: 20px;\" \/>\n<h3><strong>Agentes da zona EUROACE cooperam no projeto transfronteiri\u00e7o DEGREN &#8211; DEsign &amp; GReen ENgineering<\/strong><\/h3>\n<p style=\"text-align: justify;\">O passado dia 24 de janeiro teve lugar na Regi\u00e3o Centro a 2\u00aa Reuni\u00e3o de Coordena\u00e7\u00e3o do projeto DEGREN (DEsign &amp; GReen ENgineering), que visa a cria\u00e7\u00e3o de um Centro Transfronteiri\u00e7o de Ecodesign na regi\u00e3o EUROACE (Alentejo, Centro e Extremadura) que promova o desenvolvimento de ideias, investiga\u00e7\u00e3o e projetos na \u00e1rea do Ecodesign, e que potencie a inova\u00e7\u00e3o em diversos setores estrat\u00e9gicos da zona para favorecer a gera\u00e7\u00e3o de novos modelos de neg\u00f3cio baseados no Ecodesign e na Economia Circular.<\/p>\n<p style=\"text-align: justify;\">Nesta ocasi\u00e3o o Cluster Habitat Sustent\u00e1vel, um dos nove parceiros que integram o projeto, acolheu o resto do cons\u00f3rcio na sua delega\u00e7\u00e3o na Universidade de Aveiro.<\/p>\n<p style=\"text-align: justify;\">Durante a reuni\u00e3o foram tratados diferentes assuntos, estando alguns deles relacionados com o mapeamento de recursos e o observat\u00f3rio de Ecodesign que est\u00e1 em desenvolvimento, com programas de forma\u00e7\u00e3o a realizar durante o projeto, com eventos de sensibiliza\u00e7\u00e3o ambiental e com diferentes a\u00e7\u00f5es de comunica\u00e7\u00e3o e difus\u00e3o do projeto.<\/p>\n<p style=\"text-align: justify;\">O Projeto DEGREN: Centro Transfronteiri\u00e7o de Inova\u00e7\u00e3o Empresarial em Ecodesign da EUROACE, Design e Engenharia Verde, \u00e9 cofinanciado pelo Fundo Europeu de Desenvolvimento Regional (FEDER), atrav\u00e9s do programa INTERREG Espanha-Portugal (POCTEP) 2016-2020. Compreende um or\u00e7amento de 1.435.441,98 \u20ac aprovado pelo Comit\u00e9 de Gest\u00e3o do Programa de Coopera\u00e7\u00e3o Transfronteiri\u00e7a INTERREG V A Espanha &#8211; Portugal (POCTEP) e tem uma dura\u00e7\u00e3o estimada de 3 anos. Nele est\u00e3o envolvidas as seguintes entidades: INTROMAC &#8211; Instituto Tecnol\u00f3gico de Rocas Ornamentales y Materiales de Construcci\u00f3n (Benefici\u00e1rio Principal), ANJE &#8211; Associa\u00e7\u00e3o Nacional de Jovens Empres\u00e1rios, Cluster Habitat Sustent\u00e1vel, COIIEX &#8211; Colegio Oficial de Ingenieros Industriales de Extremadura, CTCV &#8211; Centro Tecnol\u00f3gico da Cer\u00e2mica e do Vidro, DiEX &#8211; Asociaci\u00f3n de Dise\u00f1adores de Extremadura, FUNDECYT-PCTEX &#8211; Fundaci\u00f3n Fundecyt Parque Cient\u00edfico y Tecnol\u00f3gico de Extremadura, IPLeiria \u2013 Instituto Polit\u00e9cnico de Leiria e UEX &#8211; Universidad de Extremadura.<\/p>\n<p style=\"text-align: justify;\">Encontrar\u00e1 mais informa\u00e7\u00e3o sobre o projeto na p\u00e1gina web de POCTEP atrav\u00e9s do seguinte link: <a href=\"https:\/\/goo.gl\/z7rALg\">https:\/\/goo.gl\/z7rALg<\/a> ou na p\u00e1gina web do projeto que estar\u00e1 dispon\u00edvel brevemente: <a href=\"http:\/\/www.degren.eu\">www.degren.eu<\/a>.<\/p>\n","protected":false},"excerpt":{"rendered":"<p>Agentes da zona EUROACE cooperam no projeto transfronteiri\u00e7o DEGREN &#8211; DEsign &amp; GReen ENgineering O passado dia 24 de janeiro teve lugar na Regi\u00e3o Centro a 2\u00aa Reuni\u00e3o de Coordena\u00e7\u00e3o [&hellip;]<\/p>\n","protected":false},"author":6,"featured_media":2213,"template":"","meta":{"_tribe_events_status":"","_tribe_events_status_reason":"","_tribe_events_is_hybrid":"","_tribe_events_is_virtual":"","_tribe_events_virtual_video_source":"","_tribe_events_virtual_embed_video":"","_tribe_events_virtual_linked_button_text":"","_tribe_events_virtual_linked_button":"","_tribe_events_virtual_show_embed_at":"","_tribe_events_virtual_show_embed_to":[],"_tribe_events_virtual_show_on_event":"","_tribe_events_virtual_show_on_views":"","_tribe_events_virtual_url":"","footnotes":""},"tags":[],"tribe_events_cat":[],"class_list":["post-2527","tribe_events","type-tribe_events","status-publish","has-post-thumbnail","hentry","has-post-title","has-post-date","has-post-category","has-post-tag","has-post-comment","has-post-author",""],"builder_content":"","_links":{"self":[{"href":"http:\/\/www.degren.eu\/index.php?rest_route=\/wp\/v2\/tribe_events\/2527","targetHints":{"allow":["GET"]}}],"collection":[{"href":"http:\/\/www.degren.eu\/index.php?rest_route=\/wp\/v2\/tribe_events"}],"about":[{"href":"http:\/\/www.degren.eu\/index.php?rest_route=\/wp\/v2\/types\/tribe_events"}],"author":[{"embeddable":true,"href":"http:\/\/www.degren.eu\/index.php?rest_route=\/wp\/v2\/users\/6"}],"version-history":[{"count":1,"href":"http:\/\/www.degren.eu\/index.php?rest_route=\/wp\/v2\/tribe_events\/2527\/revisions"}],"predecessor-version":[{"id":2528,"href":"http:\/\/www.degren.eu\/index.php?rest_route=\/wp\/v2\/tribe_events\/2527\/revisions\/2528"}],"wp:featuredmedia":[{"embeddable":true,"href":"http:\/\/www.degren.eu\/index.php?rest_route=\/wp\/v2\/media\/2213"}],"wp:attachment":[{"href":"http:\/\/www.degren.eu\/index.php?rest_route=%2Fwp%2Fv2%2Fmedia&parent=2527"}],"wp:term":[{"taxonomy":"post_tag","embeddable":true,"href":"http:\/\/www.degren.eu\/index.php?rest_route=%2Fwp%2Fv2%2Ftags&post=2527"},{"taxonomy":"tribe_events_cat","embeddable":true,"href":"http:\/\/www.degren.eu\/index.php?rest_route=%2Fwp%2Fv2%2Ftribe_events_cat&post=2527"}],"curies":[{"name":"wp","href":"https:\/\/api.w.org\/{rel}","templated":true}]}}

2ª Reunião de Coordenação do projeto DEGREN

<hr style="margin-bottom: 20px;" />
<h3><strong>Agentes da zona EUROACE cooperam no projeto transfronteiriço DEGREN &#8211; DEsign &amp; GReen ENgineering</strong></h3>
<p style="text-align: justify;">O passado dia 24 de janeiro teve lugar na Região Centro a 2ª Reunião de Coordenação do projeto DEGREN (DEsign &amp; GReen ENgineering), que visa a criação de um Centro Transfronteiriço de Ecodesign na região EUROACE (Alentejo, Centro e Extremadura) que promova o desenvolvimento de ideias, investigação e projetos na área do Ecodesign, e que potencie a inovação em diversos setores estratégicos da zona para favorecer a geração de novos modelos de negócio baseados no Ecodesign e na Economia Circular.</p>
<p style="text-align: justify;">Nesta ocasião o Cluster Habitat Sustentável, um dos nove parceiros que integram o projeto, acolheu o resto do consórcio na sua delegação na Universidade de Aveiro.</p>
<p style="text-align: justify;">Durante a reunião foram tratados diferentes assuntos, estando alguns deles relacionados com o mapeamento de recursos e o observatório de Ecodesign que está em desenvolvimento, com programas de formação a realizar durante o projeto, com eventos de sensibilização ambiental e com diferentes ações de comunicação e difusão do projeto.</p>
<p style="text-align: justify;">O Projeto DEGREN: Centro Transfronteiriço de Inovação Empresarial em Ecodesign da EUROACE, Design e Engenharia Verde, é cofinanciado pelo Fundo Europeu de Desenvolvimento Regional (FEDER), através do programa INTERREG Espanha-Portugal (POCTEP) 2016-2020. Compreende um orçamento de 1.435.441,98 € aprovado pelo Comité de Gestão do Programa de Cooperação Transfronteiriça INTERREG V A Espanha &#8211; Portugal (POCTEP) e tem uma duração estimada de 3 anos. Nele estão envolvidas as seguintes entidades: INTROMAC &#8211; Instituto Tecnológico de Rocas Ornamentales y Materiales de Construcción (Beneficiário Principal), ANJE &#8211; Associação Nacional de Jovens Empresários, Cluster Habitat Sustentável, COIIEX &#8211; Colegio Oficial de Ingenieros Industriales de Extremadura, CTCV &#8211; Centro Tecnológico da Cerâmica e do Vidro, DiEX &#8211; Asociación de Diseñadores de Extremadura, FUNDECYT-PCTEX &#8211; Fundación Fundecyt Parque Científico y Tecnológico de Extremadura, IPLeiria – Instituto Politécnico de Leiria e UEX &#8211; Universidad de Extremadura.</p>
<p style="text-align: justify;">Encontrará mais informação sobre o projeto na página web de POCTEP através do seguinte link: <a href="https://goo.gl/z7rALg">https://goo.gl/z7rALg</a> ou na página web do projeto que estará disponível brevemente: <a href="http://www.degren.eu">www.degren.eu</a>.</p>

<p>Agentes da zona EUROACE cooperam no projeto transfronteiriço DEGREN &#8211; DEsign &amp; GReen ENgineering O passado dia 24 de janeiro teve lugar na Região Centro a 2ª Reunião de Coordenação [&hellip;]</p>
