{"id":2519,"date":"2018-02-09T10:41:42","date_gmt":"2018-02-09T09:41:42","guid":{"rendered":"http:\/\/www.degren.eu\/?post_type=tribe_events&#038;p=2519"},"modified":"2018-02-09T10:41:42","modified_gmt":"2018-02-09T09:41:42","slug":"arranque-do-projeto-kick-off-meeting-do-projeto-en-coimbra","status":"publish","type":"tribe_events","link":"http:\/\/www.degren.eu\/?tribe_events=arranque-do-projeto-kick-off-meeting-do-projeto-en-coimbra&lang=pt","title":{"rendered":"Arranque do projeto: Kick off meeting do projeto en Coimbra"},"content":{"rendered":"<hr style=\"margin-bottom: 20px;\" \/>\n<h3><strong>Intromac Centro Tecnol\u00f3gico, liderou como principal benefici\u00e1rio a reuni\u00e3o de lan\u00e7amento do projeto Degren realizado na cidade portuguesa de Coimbra.<\/strong><\/h3>\n<p style=\"text-align: justify;\">A 20 de junho de 2017, teve lugar na cidade lusa de Coimbra a reuni\u00e3o de arranque do projeto, liderada pelo Benefici\u00e1rio Principal INTROMAC &#8211; Instituto Tecnol\u00f3gico de Rocas Ornamentales y Materiales de Construcci\u00f3n.<\/p>\n<p style=\"text-align: justify;\">A reuni\u00e3o come\u00e7ou com uma breve troca de impress\u00f5es, de maneira a melhor entender as expectativas de cada benefici\u00e1rio relativamente ao novo projeto e com o enquadramento do mesmo no Programa de Coopera\u00e7\u00e3o Transfronteira INTERREG V \u2013 A.<\/p>\n<p style=\"text-align: justify;\">Realizou-se uma revis\u00e3o do plano de trabalho, analisando todas as atividades a serem desenvolvidas ao longo do projeto, havendo tamb\u00e9m um momento destinado a resolver qualquer tipo de d\u00favida levantada durante a reuni\u00e3o.<\/p>\n<p style=\"text-align: justify;\">Finalmente, e aproveitando o facto da reuni\u00e3o ter sido realizada na sede do benefici\u00e1rio da CTCV &#8211; Centro Tecnol\u00f3gico da Cer\u00e2mica e do Vidro, foi organizada uma visita \u00e0s instala\u00e7\u00f5es do parceiro.<\/p>\n","protected":false},"excerpt":{"rendered":"<p>Intromac Centro Tecnol\u00f3gico, liderou como principal benefici\u00e1rio a reuni\u00e3o de lan\u00e7amento do projeto Degren realizado na cidade portuguesa de Coimbra. A 20 de junho de 2017, teve lugar na cidade [&hellip;]<\/p>\n","protected":false},"author":6,"featured_media":2021,"template":"","meta":{"_tribe_events_status":"","_tribe_events_status_reason":"","_tribe_events_is_hybrid":"","_tribe_events_is_virtual":"","_tribe_events_virtual_video_source":"","_tribe_events_virtual_embed_video":"","_tribe_events_virtual_linked_button_text":"","_tribe_events_virtual_linked_button":"","_tribe_events_virtual_show_embed_at":"","_tribe_events_virtual_show_embed_to":[],"_tribe_events_virtual_show_on_event":"","_tribe_events_virtual_show_on_views":"","_tribe_events_virtual_url":"","footnotes":""},"tags":[],"tribe_events_cat":[],"class_list":["post-2519","tribe_events","type-tribe_events","status-publish","has-post-thumbnail","hentry","has-post-title","has-post-date","has-post-category","has-post-tag","has-post-comment","has-post-author",""],"builder_content":"","_links":{"self":[{"href":"http:\/\/www.degren.eu\/index.php?rest_route=\/wp\/v2\/tribe_events\/2519","targetHints":{"allow":["GET"]}}],"collection":[{"href":"http:\/\/www.degren.eu\/index.php?rest_route=\/wp\/v2\/tribe_events"}],"about":[{"href":"http:\/\/www.degren.eu\/index.php?rest_route=\/wp\/v2\/types\/tribe_events"}],"author":[{"embeddable":true,"href":"http:\/\/www.degren.eu\/index.php?rest_route=\/wp\/v2\/users\/6"}],"version-history":[{"count":2,"href":"http:\/\/www.degren.eu\/index.php?rest_route=\/wp\/v2\/tribe_events\/2519\/revisions"}],"predecessor-version":[{"id":2521,"href":"http:\/\/www.degren.eu\/index.php?rest_route=\/wp\/v2\/tribe_events\/2519\/revisions\/2521"}],"wp:featuredmedia":[{"embeddable":true,"href":"http:\/\/www.degren.eu\/index.php?rest_route=\/wp\/v2\/media\/2021"}],"wp:attachment":[{"href":"http:\/\/www.degren.eu\/index.php?rest_route=%2Fwp%2Fv2%2Fmedia&parent=2519"}],"wp:term":[{"taxonomy":"post_tag","embeddable":true,"href":"http:\/\/www.degren.eu\/index.php?rest_route=%2Fwp%2Fv2%2Ftags&post=2519"},{"taxonomy":"tribe_events_cat","embeddable":true,"href":"http:\/\/www.degren.eu\/index.php?rest_route=%2Fwp%2Fv2%2Ftribe_events_cat&post=2519"}],"curies":[{"name":"wp","href":"https:\/\/api.w.org\/{rel}","templated":true}]}}

<hr style="margin-bottom: 20px;" />
<h3><strong>Intromac Centro Tecnológico, liderou como principal beneficiário a reunião de lançamento do projeto Degren realizado na cidade portuguesa de Coimbra.</strong></h3>
<p style="text-align: justify;">A 20 de junho de 2017, teve lugar na cidade lusa de Coimbra a reunião de arranque do projeto, liderada pelo Beneficiário Principal INTROMAC &#8211; Instituto Tecnológico de Rocas Ornamentales y Materiales de Construcción.</p>
<p style="text-align: justify;">A reunião começou com uma breve troca de impressões, de maneira a melhor entender as expectativas de cada beneficiário relativamente ao novo projeto e com o enquadramento do mesmo no Programa de Cooperação Transfronteira INTERREG V – A.</p>
<p style="text-align: justify;">Realizou-se uma revisão do plano de trabalho, analisando todas as atividades a serem desenvolvidas ao longo do projeto, havendo também um momento destinado a resolver qualquer tipo de dúvida levantada durante a reunião.</p>
<p style="text-align: justify;">Finalmente, e aproveitando o facto da reunião ter sido realizada na sede do beneficiário da CTCV &#8211; Centro Tecnológico da Cerâmica e do Vidro, foi organizada uma visita às instalações do parceiro.</p>

<p>Intromac Centro Tecnológico, liderou como principal beneficiário a reunião de lançamento do projeto Degren realizado na cidade portuguesa de Coimbra. A 20 de junho de 2017, teve lugar na cidade [&hellip;]</p>
