{"id":2297,"date":"2018-01-31T10:42:12","date_gmt":"2018-01-31T09:42:12","guid":{"rendered":"http:\/\/www.degren.eu\/?post_type=tribe_events&#038;p=2297"},"modified":"2018-02-09T10:37:03","modified_gmt":"2018-02-09T09:37:03","slug":"lanzamiento-del-proyecto-kick-off-meeting-del-proyecto-en-coimbra","status":"publish","type":"tribe_events","link":"http:\/\/www.degren.eu\/?tribe_events=lanzamiento-del-proyecto-kick-off-meeting-del-proyecto-en-coimbra","title":{"rendered":"Lanzamiento del proyecto: Kick off meeting del proyecto en Coimbra"},"content":{"rendered":"<hr style=\"margin-bottom: 20px;\" \/>\n<h3><strong>Intromac Centro Tecnol\u00f3gico, lider\u00f3 como Beneficiario Principal la reuni\u00f3n de lanzamiento del proyecto Degren celebrada en la ciudad lusa de Coimbra.<\/strong><\/h3>\n<p style=\"text-align: justify;\">El 20 de junio de 2017, tuvo lugar en la ciudad lusa de Coimbra la reuni\u00f3n de lanzamiento del proyecto, liderada por el Beneficiario Principal INTROMAC &#8211; Instituto Tecnol\u00f3gico de Rocas Ornamentales y Materiales de Construcci\u00f3n.<\/p>\n<p style=\"text-align: justify;\">La reuni\u00f3n comenz\u00f3 con un intercambio de opiniones sobre las expectativas de cada beneficiario respecto al proyecto y con el encuadre del mismo en el Programa de Cooperaci\u00f3n Transfronteriza INTERREG V \u2013 A.<\/p>\n<p style=\"text-align: justify;\">Se llev\u00f3 a cabo una revisi\u00f3n del plan de trabajo, pasando por todas y cada una de las actividades a desarrollar a lo largo del proyecto, y tambi\u00e9n hubo un momento destinado a resolver cualquier tipo de duda surgida durante la reuni\u00f3n.<\/p>\n<p style=\"text-align: justify;\">Por \u00faltimo, y aprovechando que la reuni\u00f3n se celebraba en la sede del beneficiario CTCV &#8211; Centro Tecnol\u00f3gico da Cer\u00e2mica e do Vidro, se organiz\u00f3 una visita a las instalaciones.<\/p>\n","protected":false},"excerpt":{"rendered":"<p>Intromac Centro Tecnol\u00f3gico, lider\u00f3 como Beneficiario Principal la reuni\u00f3n de lanzamiento del proyecto Degren celebrada en la ciudad lusa de Coimbra. El 20 de junio de 2017, tuvo lugar en [&hellip;]<\/p>\n","protected":false},"author":6,"featured_media":2021,"template":"","meta":{"_tribe_events_status":"","_tribe_events_status_reason":"","_tribe_events_is_hybrid":"","_tribe_events_is_virtual":"","_tribe_events_virtual_video_source":"","_tribe_events_virtual_embed_video":"","_tribe_events_virtual_linked_button_text":"","_tribe_events_virtual_linked_button":"","_tribe_events_virtual_show_embed_at":"","_tribe_events_virtual_show_embed_to":[],"_tribe_events_virtual_show_on_event":"","_tribe_events_virtual_show_on_views":"","_tribe_events_virtual_url":"","footnotes":""},"tags":[],"tribe_events_cat":[],"class_list":["post-2297","tribe_events","type-tribe_events","status-publish","has-post-thumbnail","hentry","has-post-title","has-post-date","has-post-category","has-post-tag","has-post-comment","has-post-author",""],"builder_content":"","_links":{"self":[{"href":"http:\/\/www.degren.eu\/index.php?rest_route=\/wp\/v2\/tribe_events\/2297","targetHints":{"allow":["GET"]}}],"collection":[{"href":"http:\/\/www.degren.eu\/index.php?rest_route=\/wp\/v2\/tribe_events"}],"about":[{"href":"http:\/\/www.degren.eu\/index.php?rest_route=\/wp\/v2\/types\/tribe_events"}],"author":[{"embeddable":true,"href":"http:\/\/www.degren.eu\/index.php?rest_route=\/wp\/v2\/users\/6"}],"version-history":[{"count":11,"href":"http:\/\/www.degren.eu\/index.php?rest_route=\/wp\/v2\/tribe_events\/2297\/revisions"}],"predecessor-version":[{"id":2518,"href":"http:\/\/www.degren.eu\/index.php?rest_route=\/wp\/v2\/tribe_events\/2297\/revisions\/2518"}],"wp:featuredmedia":[{"embeddable":true,"href":"http:\/\/www.degren.eu\/index.php?rest_route=\/wp\/v2\/media\/2021"}],"wp:attachment":[{"href":"http:\/\/www.degren.eu\/index.php?rest_route=%2Fwp%2Fv2%2Fmedia&parent=2297"}],"wp:term":[{"taxonomy":"post_tag","embeddable":true,"href":"http:\/\/www.degren.eu\/index.php?rest_route=%2Fwp%2Fv2%2Ftags&post=2297"},{"taxonomy":"tribe_events_cat","embeddable":true,"href":"http:\/\/www.degren.eu\/index.php?rest_route=%2Fwp%2Fv2%2Ftribe_events_cat&post=2297"}],"curies":[{"name":"wp","href":"https:\/\/api.w.org\/{rel}","templated":true}]}}

<hr style="margin-bottom: 20px;" />
<h3><strong>Intromac Centro Tecnológico, lideró como Beneficiario Principal la reunión de lanzamiento del proyecto Degren celebrada en la ciudad lusa de Coimbra.</strong></h3>
<p style="text-align: justify;">El 20 de junio de 2017, tuvo lugar en la ciudad lusa de Coimbra la reunión de lanzamiento del proyecto, liderada por el Beneficiario Principal INTROMAC &#8211; Instituto Tecnológico de Rocas Ornamentales y Materiales de Construcción.</p>
<p style="text-align: justify;">La reunión comenzó con un intercambio de opiniones sobre las expectativas de cada beneficiario respecto al proyecto y con el encuadre del mismo en el Programa de Cooperación Transfronteriza INTERREG V – A.</p>
<p style="text-align: justify;">Se llevó a cabo una revisión del plan de trabajo, pasando por todas y cada una de las actividades a desarrollar a lo largo del proyecto, y también hubo un momento destinado a resolver cualquier tipo de duda surgida durante la reunión.</p>
<p style="text-align: justify;">Por último, y aprovechando que la reunión se celebraba en la sede del beneficiario CTCV &#8211; Centro Tecnológico da Cerâmica e do Vidro, se organizó una visita a las instalaciones.</p>

<p>Intromac Centro Tecnológico, lideró como Beneficiario Principal la reunión de lanzamiento del proyecto Degren celebrada en la ciudad lusa de Coimbra. El 20 de junio de 2017, tuvo lugar en [&hellip;]</p>
