{"id":3492,"date":"2018-10-01T13:06:47","date_gmt":"2018-10-01T11:06:47","guid":{"rendered":"http:\/\/www.degren.eu\/?page_id=3492"},"modified":"2023-05-09T11:01:22","modified_gmt":"2023-05-09T09:01:22","slug":"conceito-de-ecodesing","status":"publish","type":"page","link":"http:\/\/www.degren.eu\/?page_id=3492&lang=pt","title":{"rendered":"CONCEITO DE ECODESING"},"content":{"rendered":"<p><!--themify_builder_static--><\/p>\n<p>[wpmegamenu menu_location=\u00bbmain-nav\u00bb backgorund-color=\u00bb#ffffff\u00bb]<\/p>\n<p><a href=\"http:\/\/www.degren.eu\/?page_id=2161&amp;lang=pt\"> <img decoding=\"async\" src=\"http:\/\/www.degren.eu\/wp-content\/uploads\/2017\/12\/imago_manu.jpg\" alt=\"imago_manu\"> <\/a><\/p>\n<table style=\"width: 328px;\">\n<tbody>\n<tr>\n<td style=\"width: 318px;\"><img loading=\"lazy\" decoding=\"async\" src=\"http:\/\/www.degren.eu\/wp-content\/uploads\/2017\/12\/mico_board.jpg\" alt=\"\" width=\"600\" height=\"600\"><\/td>\n<\/tr>\n<tr>\n<td style=\"width: 318px; text-align: left;\">Mico-board: eco-design envolve o uso de materiais mais sustent\u00e1veis. Placa de res\u00edduos agr\u00edcolas<br><a href=\"http:\/\/www.ecodesignlink.be\/en\/examples-database\/cases-en-2016\/myco-board-1\" target=\"_blank\" rel=\"noopener\"><strong>+info<\/strong><\/a><\/td>\n<\/tr>\n<\/tbody>\n<\/table>\n<h2 style=\"margin-bottom: -5px;\"><strong>CONCEITO DE ECODESIGN<\/strong><\/h2>\n<hr style=\"margin-bottom: 20px;\">\n<p style=\"text-align: justify;\">O ecodesign, conhecido tamb\u00e9m como design ecol\u00f3gico ou design para o meio ambiente, define-se, segundo a norma ISO 14006, \u201cSistemas de Gesti\u00f3n Ambiental. Directrices para la incorporaci\u00f3n del ECODISE\u00d1O\u201d, como \u201c<strong>a integra\u00e7\u00e3o de aspetos ambientais no design e desenvolvimento do produto com o objetivo de reduzir os impactos ambientais adversos ao longo do ciclo de vida do produto<\/strong>\u201d. O ecodesign n\u00e3o pretende, portanto, modificar o processo de design industrial dos produtos e\/ou servi\u00e7os, mas complement\u00e1-lo introduzindo o meio ambiente como mais um fator de peso para as tomadas de decis\u00e3o durante o processo de desenvolvimento de produtos.<\/p>\n<p style=\"text-align: justify;\">Um fator chave importante do ecodesign \u00e9 o <strong>enfoque no Ciclo de Vida<\/strong>. Trata-se de considerar as intera\u00e7\u00f5es de todas as etapas da vida do produto desde a extra\u00e7\u00e3o de mat\u00e9rias primas, fabrica\u00e7\u00e3o, distribui\u00e7\u00e3o e uso, at\u00e9 \u00e0 fase de fim de vida. Para o desenvolvimento de um bom produto \u00e9 imprescind\u00edvel que desde o primeiro momento se contemplem as intera\u00e7\u00f5es existentes entre todas as etapas da sua vida. Isto permite ter um maior conhecimento do pr\u00f3prio produto, conhecer onde est\u00e3o os seus maiores impactos ambientais, visualizar as poss\u00edveis<br>transfer\u00eancias de cargas ambientais de uma etapa para outra e poder optar pela alternativa que reduza o impacto ambiental global.<\/p>\n<p style=\"text-align: justify;\">A import\u00e2ncia de incorporar a vari\u00e1vel ambiental desde a fase do projeto \u00e9 fundamental, pois estima-se que 80% dos impactos ambientais de todo o ciclo de vida dos produtos sejam determinados durante a fase de projeto.<\/p>\n<p style=\"text-align: justify;\">O bom design e desenvolvimento de produtos\/servi\u00e7os na ind\u00fastria \u00e9 essencial para a pr\u00f3pria<br>empresa e para a competitividade das empresas. Portanto, a integra\u00e7\u00e3o do ecodesign como padr\u00e3o de qualidade ambiental pode proporcionar <strong>vantagens competitivas<\/strong> substanciais para uma organiza\u00e7\u00e3o.<\/p>\n<p><!--\/themify_builder_static--><\/p>\n\n<!-- wp:themify-builder\/canvas \/-->","protected":false},"excerpt":{"rendered":"<p>[wpmegamenu menu_location=\u00bbmain-nav\u00bb backgorund-color=\u00bb#ffffff\u00bb] Mico-board: eco-design envolve o uso de materiais mais sustent\u00e1veis. Placa de res\u00edduos agr\u00edcolas+info CONCEITO DE ECODESIGN O ecodesign, conhecido tamb\u00e9m como design ecol\u00f3gico ou design para o [&hellip;]<\/p>\n","protected":false},"author":6,"featured_media":0,"parent":0,"menu_order":0,"comment_status":"closed","ping_status":"closed","template":"","meta":{"footnotes":""},"class_list":["post-3492","page","type-page","status-publish","hentry","has-post-title","has-post-date","has-post-category","has-post-tag","has-post-comment","has-post-author",""],"builder_content":"<ul id=\"menu-menu-pt\"><li id=\"menu-item-1631\"><a href=\"http:\/\/www.degren.eu\/?page_id=1687&#038;lang=pt\"><img src=\"http:\/\/www.degren.eu\/wp-content\/uploads\/2018\/10\/logotipo-peque\u00f1o.png\" alt=\"inicio\" width=\"400\"><\/a><\/li> <li id=\"menu-item-1630\"><a href=\"http:\/\/www.degren.eu\/?page_id=1613&#038;lang=pt\">O QUE \u00c9?<\/a> <ul> <li id=\"menu-item-2008\"><a href=\"http:\/\/www.degren.eu\/?page_id=1613&#038;lang=pt\">O QUE \u00c9?<\/a><\/li> <li id=\"menu-item-1643\"><a href=\"http:\/\/www.degren.eu\/?page_id=1633&#038;lang=pt\">QUEM SOMOS?<\/a><\/li> <li id=\"menu-item-1653\"><a href=\"http:\/\/www.degren.eu\/?page_id=1650&#038;lang=pt\">RESULTADOS DO PROJETO<\/a><\/li> <li id=\"menu-item-1673\"><a href=\"http:\/\/www.degren.eu\/?page_id=1670&#038;lang=pt\">CONTACTO<\/a><\/li> <\/ul> <\/li> <li id=\"menu-item-3501\"><a href=\"http:\/\/www.degren.eu\/?page_id=3492&#038;lang=pt\">ECODESIGN<\/a><\/li> <li id=\"menu-item-3003\"><a href=\"http:\/\/www.degren.eu\/?page_id=2990&#038;lang=pt\">RECURSOS<\/a> <ul> <li id=\"menu-item-3004\"><a href=\"http:\/\/www.degren.eu\/?page_id=2990&#038;lang=pt\">RECURSOS<\/a><\/li> <\/ul> <\/li> <li id=\"menu-item-2829\"><a href=\"http:\/\/www.degren.eu\/?page_id=2824&#038;lang=pt\">NOT\u00cdCIAS<\/a> <ul> <li id=\"menu-item-2830\"><a href=\"http:\/\/www.degren.eu\/?page_id=2824&#038;lang=pt\">NOT\u00cdCIAS<\/a><\/li> <li id=\"menu-item-2568\"><a href=\"http:\/\/www.degren.eu\/?page_id=2161&#038;lang=pt\">NEWSLETTER<\/a><\/li> <\/ul> <\/li> <li id=\"menu-item-2855\"><a href=\"http:\/\/www.degren.eu\/?page_id=2846&#038;lang=pt\">ATIVIDADES<\/a> <ul> <li id=\"menu-item-1684\"><a href=\"http:\/\/www.degren.eu\/?page_id=1679&#038;lang=pt\">EVENTOS<\/a><\/li> <li id=\"menu-item-4787\"><a target=\"_blank\" href=\"http:\/\/1eem.degren.eu\/\">1er EUROACE ECODESIGN MEETING<\/a><\/li> <\/ul> <\/li> <li id=\"menu-item-1644\"><a href=\"#pll_switcher\">Idiomas<\/a><\/li> <li id=\"menu-item-1676\"><a href=\"#Cnss_Widget\">Easy Social Icons<\/a><\/li> <\/ul>\n<a href=\"http:\/\/www.degren.eu\/?page_id=2161&#038;lang=pt\"> <img src=\"http:\/\/www.degren.eu\/wp-content\/uploads\/2017\/12\/imago_manu.jpg\" title=\"imago_manu\" alt=\"imago_manu\"> <\/a>\n<table style=\"width: 328px;\"><tbody><tr><td style=\"width: 318px;\"><img src=\"http:\/\/www.degren.eu\/wp-content\/uploads\/2017\/12\/mico_board.jpg\" alt=\"\" width=\"600\" height=\"600\" \/><\/td><\/tr><tr><td style=\"width: 318px; text-align: left;\">Mico-board: eco-design envolve o uso de materiais mais sustent\u00e1veis. Placa de res\u00edduos agr\u00edcolas<br \/><a href=\"http:\/\/www.ecodesignlink.be\/en\/examples-database\/cases-en-2016\/myco-board-1\" target=\"_blank\" rel=\"noopener\"><strong>+info<\/strong><\/a><\/td><\/tr><\/tbody><\/table><p>\u00a0<\/p>\n<h2 style=\"margin-bottom: -5px;\"><strong>CONCEITO DE ECODESIGN<\/strong><\/h2><hr style=\"margin-bottom: 20px;\" \/><p style=\"text-align: justify;\">O ecodesign, conhecido tamb\u00e9m como design ecol\u00f3gico ou design para o meio ambiente, define-se, segundo a norma ISO 14006, \u201cSistemas de Gesti\u00f3n Ambiental. Directrices para la incorporaci\u00f3n del ECODISE\u00d1O\u201d, como \u201c<strong>a integra\u00e7\u00e3o de aspetos ambientais no design e desenvolvimento do produto com o objetivo de reduzir os impactos ambientais adversos ao longo do ciclo de vida do produto<\/strong>\u201d. O ecodesign n\u00e3o pretende, portanto, modificar o processo de design industrial dos produtos e\/ou servi\u00e7os, mas complement\u00e1-lo introduzindo o meio ambiente como mais um fator de peso para as tomadas de decis\u00e3o durante o processo de desenvolvimento de produtos.<\/p><p style=\"text-align: justify;\">Um fator chave importante do ecodesign \u00e9 o <strong>enfoque no Ciclo de Vida<\/strong>. Trata-se de considerar as intera\u00e7\u00f5es de todas as etapas da vida do produto desde a extra\u00e7\u00e3o de mat\u00e9rias primas, fabrica\u00e7\u00e3o, distribui\u00e7\u00e3o e uso, at\u00e9 \u00e0 fase de fim de vida. Para o desenvolvimento de um bom produto \u00e9 imprescind\u00edvel que desde o primeiro momento se contemplem as intera\u00e7\u00f5es existentes entre todas as etapas da sua vida. Isto permite ter um maior conhecimento do pr\u00f3prio produto, conhecer onde est\u00e3o os seus maiores impactos ambientais, visualizar as poss\u00edveis<br \/>transfer\u00eancias de cargas ambientais de uma etapa para outra e poder optar pela alternativa que reduza o impacto ambiental global.<\/p><p style=\"text-align: justify;\">A import\u00e2ncia de incorporar a vari\u00e1vel ambiental desde a fase do projeto \u00e9 fundamental, pois estima-se que 80% dos impactos ambientais de todo o ciclo de vida dos produtos sejam determinados durante a fase de projeto.<\/p><p style=\"text-align: justify;\">O bom design e desenvolvimento de produtos\/servi\u00e7os na ind\u00fastria \u00e9 essencial para a pr\u00f3pria<br \/>empresa e para a competitividade das empresas. Portanto, a integra\u00e7\u00e3o do ecodesign como padr\u00e3o de qualidade ambiental pode proporcionar <strong>vantagens competitivas<\/strong> substanciais para uma organiza\u00e7\u00e3o.<\/p>","_links":{"self":[{"href":"http:\/\/www.degren.eu\/index.php?rest_route=\/wp\/v2\/pages\/3492","targetHints":{"allow":["GET"]}}],"collection":[{"href":"http:\/\/www.degren.eu\/index.php?rest_route=\/wp\/v2\/pages"}],"about":[{"href":"http:\/\/www.degren.eu\/index.php?rest_route=\/wp\/v2\/types\/page"}],"author":[{"embeddable":true,"href":"http:\/\/www.degren.eu\/index.php?rest_route=\/wp\/v2\/users\/6"}],"replies":[{"embeddable":true,"href":"http:\/\/www.degren.eu\/index.php?rest_route=%2Fwp%2Fv2%2Fcomments&post=3492"}],"version-history":[{"count":11,"href":"http:\/\/www.degren.eu\/index.php?rest_route=\/wp\/v2\/pages\/3492\/revisions"}],"predecessor-version":[{"id":5435,"href":"http:\/\/www.degren.eu\/index.php?rest_route=\/wp\/v2\/pages\/3492\/revisions\/5435"}],"wp:attachment":[{"href":"http:\/\/www.degren.eu\/index.php?rest_route=%2Fwp%2Fv2%2Fmedia&parent=3492"}],"curies":[{"name":"wp","href":"https:\/\/api.w.org\/{rel}","templated":true}]}}

<p><!--themify_builder_static--></p>
<p>[wpmegamenu menu_location=»main-nav» backgorund-color=»#ffffff»]</p>
<p><a href="http://www.degren.eu/?page_id=2161&amp;lang=pt"> <img decoding="async" src="http://www.degren.eu/wp-content/uploads/2017/12/imago_manu.jpg" alt="imago_manu"> </a></p>
<table style="width: 328px;">
<tbody>
<tr>
<td style="width: 318px;"><img loading="lazy" decoding="async" src="http://www.degren.eu/wp-content/uploads/2017/12/mico_board.jpg" alt="" width="600" height="600"></td>
</tr>
<tr>
<td style="width: 318px; text-align: left;">Mico-board: eco-design envolve o uso de materiais mais sustentáveis. Placa de resíduos agrícolas<br><a href="http://www.ecodesignlink.be/en/examples-database/cases-en-2016/myco-board-1" target="_blank" rel="noopener"><strong>+info</strong></a></td>
</tr>
</tbody>
</table>
<h2 style="margin-bottom: -5px;"><strong>CONCEITO DE ECODESIGN</strong></h2>
<hr style="margin-bottom: 20px;">
<p style="text-align: justify;">O ecodesign, conhecido também como design ecológico ou design para o meio ambiente, define-se, segundo a norma ISO 14006, “Sistemas de Gestión Ambiental. Directrices para la incorporación del ECODISEÑO”, como “<strong>a integração de aspetos ambientais no design e desenvolvimento do produto com o objetivo de reduzir os impactos ambientais adversos ao longo do ciclo de vida do produto</strong>”. O ecodesign não pretende, portanto, modificar o processo de design industrial dos produtos e/ou serviços, mas complementá-lo introduzindo o meio ambiente como mais um fator de peso para as tomadas de decisão durante o processo de desenvolvimento de produtos.</p>
<p style="text-align: justify;">Um fator chave importante do ecodesign é o <strong>enfoque no Ciclo de Vida</strong>. Trata-se de considerar as interações de todas as etapas da vida do produto desde a extração de matérias primas, fabricação, distribuição e uso, até à fase de fim de vida. Para o desenvolvimento de um bom produto é imprescindível que desde o primeiro momento se contemplem as interações existentes entre todas as etapas da sua vida. Isto permite ter um maior conhecimento do próprio produto, conhecer onde estão os seus maiores impactos ambientais, visualizar as possíveis<br>transferências de cargas ambientais de uma etapa para outra e poder optar pela alternativa que reduza o impacto ambiental global.</p>
<p style="text-align: justify;">A importância de incorporar a variável ambiental desde a fase do projeto é fundamental, pois estima-se que 80% dos impactos ambientais de todo o ciclo de vida dos produtos sejam determinados durante a fase de projeto.</p>
<p style="text-align: justify;">O bom design e desenvolvimento de produtos/serviços na indústria é essencial para a própria<br>empresa e para a competitividade das empresas. Portanto, a integração do ecodesign como padrão de qualidade ambiental pode proporcionar <strong>vantagens competitivas</strong> substanciais para uma organização.</p>
<p><!--/themify_builder_static--></p>

<!-- wp:themify-builder/canvas /-->

<p>[wpmegamenu menu_location=»main-nav» backgorund-color=»#ffffff»] Mico-board: eco-design envolve o uso de materiais mais sustentáveis. Placa de resíduos agrícolas+info CONCEITO DE ECODESIGN O ecodesign, conhecido também como design ecológico ou design para o [&hellip;]</p>

<ul id="menu-menu-pt"><li id="menu-item-1631"><a href="http://www.degren.eu/?page_id=1687&#038;lang=pt"><img src="http://www.degren.eu/wp-content/uploads/2018/10/logotipo-pequeño.png" alt="inicio" width="400"></a></li> <li id="menu-item-1630"><a href="http://www.degren.eu/?page_id=1613&#038;lang=pt">O QUE É?</a> <ul> <li id="menu-item-2008"><a href="http://www.degren.eu/?page_id=1613&#038;lang=pt">O QUE É?</a></li> <li id="menu-item-1643"><a href="http://www.degren.eu/?page_id=1633&#038;lang=pt">QUEM SOMOS?</a></li> <li id="menu-item-1653"><a href="http://www.degren.eu/?page_id=1650&#038;lang=pt">RESULTADOS DO PROJETO</a></li> <li id="menu-item-1673"><a href="http://www.degren.eu/?page_id=1670&#038;lang=pt">CONTACTO</a></li> </ul> </li> <li id="menu-item-3501"><a href="http://www.degren.eu/?page_id=3492&#038;lang=pt">ECODESIGN</a></li> <li id="menu-item-3003"><a href="http://www.degren.eu/?page_id=2990&#038;lang=pt">RECURSOS</a> <ul> <li id="menu-item-3004"><a href="http://www.degren.eu/?page_id=2990&#038;lang=pt">RECURSOS</a></li> </ul> </li> <li id="menu-item-2829"><a href="http://www.degren.eu/?page_id=2824&#038;lang=pt">NOTÍCIAS</a> <ul> <li id="menu-item-2830"><a href="http://www.degren.eu/?page_id=2824&#038;lang=pt">NOTÍCIAS</a></li> <li id="menu-item-2568"><a href="http://www.degren.eu/?page_id=2161&#038;lang=pt">NEWSLETTER</a></li> </ul> </li> <li id="menu-item-2855"><a href="http://www.degren.eu/?page_id=2846&#038;lang=pt">ATIVIDADES</a> <ul> <li id="menu-item-1684"><a href="http://www.degren.eu/?page_id=1679&#038;lang=pt">EVENTOS</a></li> <li id="menu-item-4787"><a target="_blank" href="http://1eem.degren.eu/">1er EUROACE ECODESIGN MEETING</a></li> </ul> </li> <li id="menu-item-1644"><a href="#pll_switcher">Idiomas</a></li> <li id="menu-item-1676"><a href="#Cnss_Widget">Easy Social Icons</a></li> </ul>
<a href="http://www.degren.eu/?page_id=2161&#038;lang=pt"> <img src="http://www.degren.eu/wp-content/uploads/2017/12/imago_manu.jpg" title="imago_manu" alt="imago_manu"> </a>
<table style="width: 328px;"><tbody><tr><td style="width: 318px;"><img src="http://www.degren.eu/wp-content/uploads/2017/12/mico_board.jpg" alt="" width="600" height="600" /></td></tr><tr><td style="width: 318px; text-align: left;">Mico-board: eco-design envolve o uso de materiais mais sustentáveis. Placa de resíduos agrícolas<br /><a href="http://www.ecodesignlink.be/en/examples-database/cases-en-2016/myco-board-1" target="_blank" rel="noopener"><strong>+info</strong></a></td></tr></tbody></table><p> </p>
<h2 style="margin-bottom: -5px;"><strong>CONCEITO DE ECODESIGN</strong></h2><hr style="margin-bottom: 20px;" /><p style="text-align: justify;">O ecodesign, conhecido também como design ecológico ou design para o meio ambiente, define-se, segundo a norma ISO 14006, “Sistemas de Gestión Ambiental. Directrices para la incorporación del ECODISEÑO”, como “<strong>a integração de aspetos ambientais no design e desenvolvimento do produto com o objetivo de reduzir os impactos ambientais adversos ao longo do ciclo de vida do produto</strong>”. O ecodesign não pretende, portanto, modificar o processo de design industrial dos produtos e/ou serviços, mas complementá-lo introduzindo o meio ambiente como mais um fator de peso para as tomadas de decisão durante o processo de desenvolvimento de produtos.</p><p style="text-align: justify;">Um fator chave importante do ecodesign é o <strong>enfoque no Ciclo de Vida</strong>. Trata-se de considerar as interações de todas as etapas da vida do produto desde a extração de matérias primas, fabricação, distribuição e uso, até à fase de fim de vida. Para o desenvolvimento de um bom produto é imprescindível que desde o primeiro momento se contemplem as interações existentes entre todas as etapas da sua vida. Isto permite ter um maior conhecimento do próprio produto, conhecer onde estão os seus maiores impactos ambientais, visualizar as possíveis<br />transferências de cargas ambientais de uma etapa para outra e poder optar pela alternativa que reduza o impacto ambiental global.</p><p style="text-align: justify;">A importância de incorporar a variável ambiental desde a fase do projeto é fundamental, pois estima-se que 80% dos impactos ambientais de todo o ciclo de vida dos produtos sejam determinados durante a fase de projeto.</p><p style="text-align: justify;">O bom design e desenvolvimento de produtos/serviços na indústria é essencial para a própria<br />empresa e para a competitividade das empresas. Portanto, a integração do ecodesign como padrão de qualidade ambiental pode proporcionar <strong>vantagens competitivas</strong> substanciais para uma organização.</p>
