{"id":2846,"date":"2018-04-16T10:00:10","date_gmt":"2018-04-16T08:00:10","guid":{"rendered":"http:\/\/www.degren.eu\/?page_id=2846"},"modified":"2023-05-09T11:07:48","modified_gmt":"2023-05-09T09:07:48","slug":"atividades","status":"publish","type":"page","link":"http:\/\/www.degren.eu\/?page_id=2846&lang=pt","title":{"rendered":"ATIVIDADES"},"content":{"rendered":"<p><!--themify_builder_static--><\/p>\n<p>[wpmegamenu menu_location=\u00bbmain-nav\u00bb backgorund-color=\u00bb#ffffff\u00bb]<\/p>\n<p><a href=\"http:\/\/www.degren.eu\/?page_id=2143\"> <img decoding=\"async\" src=\"http:\/\/www.degren.eu\/wp-content\/uploads\/2017\/12\/imago_manu.jpg\" alt=\"imago_manu\"> <\/a><\/p>\n<table style=\"width: 328px;\">\n<tbody>\n<tr>\n<td style=\"width: 318px;\"><img loading=\"lazy\" decoding=\"async\" src=\"http:\/\/www.degren.eu\/wp-content\/uploads\/2017\/12\/optiledge.jpg\" alt=\"\" width=\"600\" height=\"600\"><\/td>\n<\/tr>\n<tr>\n<td style=\"width: 318px; text-align: left;\">OptiLedge: Sistema patenteado de transporte de pl\u00e1stico, uma alternativa aos tradicionais paletes de madeira<br> <strong><a href=\"http:\/\/www.ecodesignlink.be\/en\/examples-database\/cases-en-2016\/optiledge\" target=\"_blank\" rel=\"noopener\">+info<\/a><\/strong><\/td>\n<\/tr>\n<\/tbody>\n<\/table>\n<h2 style=\"margin-bottom: -5px;\"><strong>ATIVIDADES<\/strong><\/h2>\n<hr style=\"margin-bottom: 20px;\">\n<p style=\"text-align: justify;\">Nesta se\u00e7\u00e3o poder\u00e1 manter-se informado sobre os servi\u00e7os que temos \u00e0 sua disposi\u00e7\u00e3o, desde as atividades direcionadas para a forma\u00e7\u00e3o, apoio a empresas em Ecodesign at\u00e9 \u00e0s jornadas de transfer\u00eancia de conhecimento e resultados. Al\u00e9m disso, ser\u00e3o realizadas as seguintes iniciativas:<\/p>\n<ul>\n<li style=\"text-align: justify;\">Celebra\u00e7\u00e3o do 1\u00ba Congresso Transfronteiri\u00e7o de Ecodesign na EUROACE, com a estrutura de funcionamento, \u00e1reas de atua\u00e7\u00e3o e tomada de decis\u00f5es.<\/li>\n<li style=\"text-align: justify;\">Lan\u00e7amento de um laborat\u00f3rio de Ecodesign<\/li>\n<li style=\"text-align: justify;\">Observat\u00f3rio online para a transfer\u00eancia tecnol\u00f3gica.<\/li>\n<li style=\"text-align: justify;\">Guias de inova\u00e7\u00e3o setorial em Ecodesign.<\/li>\n<\/ul>\n<p style=\"text-align: justify;\">Tamb\u00e9m ter\u00e1 \u00e0 sua disposi\u00e7\u00e3o um mapa de recursos sobre entidades que est\u00e3o vinculadas ao Ecodesign na Euroace, assim como outras publica\u00e7\u00f5es de interesse, que ser\u00e3o inclu\u00eddas progressivamente.<\/p>\n<p style=\"text-align: justify;\"><a href=\"http:\/\/www.degren.eu\/?page_id=2143\">Clique aqui para aceder \u00e0 newsletter e subscreva-se.<\/a><\/p>\n<p><!--\/themify_builder_static--><\/p>\n\n<!-- wp:themify-builder\/canvas \/-->","protected":false},"excerpt":{"rendered":"<p>[wpmegamenu menu_location=\u00bbmain-nav\u00bb backgorund-color=\u00bb#ffffff\u00bb] OptiLedge: Sistema patenteado de transporte de pl\u00e1stico, uma alternativa aos tradicionais paletes de madeira +info ATIVIDADES Nesta se\u00e7\u00e3o poder\u00e1 manter-se informado sobre os servi\u00e7os que temos \u00e0 [&hellip;]<\/p>\n","protected":false},"author":6,"featured_media":0,"parent":0,"menu_order":0,"comment_status":"closed","ping_status":"closed","template":"","meta":{"footnotes":""},"class_list":["post-2846","page","type-page","status-publish","hentry","has-post-title","has-post-date","has-post-category","has-post-tag","has-post-comment","has-post-author",""],"builder_content":"<ul id=\"menu-menu-pt\"><li id=\"menu-item-1631\"><a href=\"http:\/\/www.degren.eu\/?page_id=1687&#038;lang=pt\"><img src=\"http:\/\/www.degren.eu\/wp-content\/uploads\/2018\/10\/logotipo-peque\u00f1o.png\" alt=\"inicio\" width=\"400\"><\/a><\/li> <li id=\"menu-item-1630\"><a href=\"http:\/\/www.degren.eu\/?page_id=1613&#038;lang=pt\">O QUE \u00c9?<\/a> <ul> <li id=\"menu-item-2008\"><a href=\"http:\/\/www.degren.eu\/?page_id=1613&#038;lang=pt\">O QUE \u00c9?<\/a><\/li> <li id=\"menu-item-1643\"><a href=\"http:\/\/www.degren.eu\/?page_id=1633&#038;lang=pt\">QUEM SOMOS?<\/a><\/li> <li id=\"menu-item-1653\"><a href=\"http:\/\/www.degren.eu\/?page_id=1650&#038;lang=pt\">RESULTADOS DO PROJETO<\/a><\/li> <li id=\"menu-item-1673\"><a href=\"http:\/\/www.degren.eu\/?page_id=1670&#038;lang=pt\">CONTACTO<\/a><\/li> <\/ul> <\/li> <li id=\"menu-item-3501\"><a href=\"http:\/\/www.degren.eu\/?page_id=3492&#038;lang=pt\">ECODESIGN<\/a><\/li> <li id=\"menu-item-3003\"><a href=\"http:\/\/www.degren.eu\/?page_id=2990&#038;lang=pt\">RECURSOS<\/a> <ul> <li id=\"menu-item-3004\"><a href=\"http:\/\/www.degren.eu\/?page_id=2990&#038;lang=pt\">RECURSOS<\/a><\/li> <\/ul> <\/li> <li id=\"menu-item-2829\"><a href=\"http:\/\/www.degren.eu\/?page_id=2824&#038;lang=pt\">NOT\u00cdCIAS<\/a> <ul> <li id=\"menu-item-2830\"><a href=\"http:\/\/www.degren.eu\/?page_id=2824&#038;lang=pt\">NOT\u00cdCIAS<\/a><\/li> <li id=\"menu-item-2568\"><a href=\"http:\/\/www.degren.eu\/?page_id=2161&#038;lang=pt\">NEWSLETTER<\/a><\/li> <\/ul> <\/li> <li id=\"menu-item-2855\"><a href=\"http:\/\/www.degren.eu\/?page_id=2846&#038;lang=pt\">ATIVIDADES<\/a> <ul> <li id=\"menu-item-1684\"><a href=\"http:\/\/www.degren.eu\/?page_id=1679&#038;lang=pt\">EVENTOS<\/a><\/li> <li id=\"menu-item-4787\"><a target=\"_blank\" href=\"http:\/\/1eem.degren.eu\/\">1er EUROACE ECODESIGN MEETING<\/a><\/li> <\/ul> <\/li> <li id=\"menu-item-1644\"><a href=\"#pll_switcher\">Idiomas<\/a><\/li> <li id=\"menu-item-1676\"><a href=\"#Cnss_Widget\">Easy Social Icons<\/a><\/li> <\/ul>\n<a href=\"http:\/\/www.degren.eu\/?page_id=2143\"> <img src=\"http:\/\/www.degren.eu\/wp-content\/uploads\/2017\/12\/imago_manu.jpg\" title=\"imago_manu\" alt=\"imago_manu\"> <\/a>\n<table style=\"width: 328px;\"><tbody><tr><td style=\"width: 318px;\"><img src=\"http:\/\/www.degren.eu\/wp-content\/uploads\/2017\/12\/optiledge.jpg\" alt=\"\" width=\"600\" height=\"600\" \/><\/td><\/tr><tr><td style=\"width: 318px; text-align: left;\">OptiLedge: Sistema patenteado de transporte de pl\u00e1stico, uma alternativa aos tradicionais paletes de madeira<br \/> <strong><a href=\"http:\/\/www.ecodesignlink.be\/en\/examples-database\/cases-en-2016\/optiledge\" target=\"_blank\" rel=\"noopener\">+info<\/a><\/strong><\/td><\/tr><\/tbody><\/table>\n<h2 style=\"margin-bottom: -5px;\"><strong>ATIVIDADES<\/strong><\/h2><hr style=\"margin-bottom: 20px;\" \/><p style=\"text-align: justify;\">Nesta se\u00e7\u00e3o poder\u00e1 manter-se informado sobre os servi\u00e7os que temos \u00e0 sua disposi\u00e7\u00e3o, desde as atividades direcionadas para a forma\u00e7\u00e3o, apoio a empresas em Ecodesign at\u00e9 \u00e0s jornadas de transfer\u00eancia de conhecimento e resultados. Al\u00e9m disso, ser\u00e3o realizadas as seguintes iniciativas:<\/p><ul><li style=\"text-align: justify;\">Celebra\u00e7\u00e3o do 1\u00ba Congresso Transfronteiri\u00e7o de Ecodesign na EUROACE, com a estrutura de funcionamento, \u00e1reas de atua\u00e7\u00e3o e tomada de decis\u00f5es.<\/li><li style=\"text-align: justify;\">Lan\u00e7amento de um laborat\u00f3rio de Ecodesign<\/li><li style=\"text-align: justify;\">Observat\u00f3rio online para a transfer\u00eancia tecnol\u00f3gica.<\/li><li style=\"text-align: justify;\">Guias de inova\u00e7\u00e3o setorial em Ecodesign.<\/li><\/ul><p style=\"text-align: justify;\">Tamb\u00e9m ter\u00e1 \u00e0 sua disposi\u00e7\u00e3o um mapa de recursos sobre entidades que est\u00e3o vinculadas ao Ecodesign na Euroace, assim como outras publica\u00e7\u00f5es de interesse, que ser\u00e3o inclu\u00eddas progressivamente.<\/p><p style=\"text-align: justify;\"><a href=\"http:\/\/www.degren.eu\/?page_id=2143\">Clique aqui para aceder \u00e0 newsletter e subscreva-se.<\/a><\/p>","_links":{"self":[{"href":"http:\/\/www.degren.eu\/index.php?rest_route=\/wp\/v2\/pages\/2846","targetHints":{"allow":["GET"]}}],"collection":[{"href":"http:\/\/www.degren.eu\/index.php?rest_route=\/wp\/v2\/pages"}],"about":[{"href":"http:\/\/www.degren.eu\/index.php?rest_route=\/wp\/v2\/types\/page"}],"author":[{"embeddable":true,"href":"http:\/\/www.degren.eu\/index.php?rest_route=\/wp\/v2\/users\/6"}],"replies":[{"embeddable":true,"href":"http:\/\/www.degren.eu\/index.php?rest_route=%2Fwp%2Fv2%2Fcomments&post=2846"}],"version-history":[{"count":13,"href":"http:\/\/www.degren.eu\/index.php?rest_route=\/wp\/v2\/pages\/2846\/revisions"}],"predecessor-version":[{"id":5449,"href":"http:\/\/www.degren.eu\/index.php?rest_route=\/wp\/v2\/pages\/2846\/revisions\/5449"}],"wp:attachment":[{"href":"http:\/\/www.degren.eu\/index.php?rest_route=%2Fwp%2Fv2%2Fmedia&parent=2846"}],"curies":[{"name":"wp","href":"https:\/\/api.w.org\/{rel}","templated":true}]}}