{"id":1778,"date":"2018-01-21T08:31:55","date_gmt":"2018-01-21T08:31:55","guid":{"rendered":"http:\/\/www.degren.eu\/?page_id=1778"},"modified":"2019-10-29T21:05:15","modified_gmt":"2019-10-29T20:05:15","slug":"coiiex-2","status":"publish","type":"page","link":"http:\/\/www.degren.eu\/?page_id=1778&lang=pt","title":{"rendered":"COIIEX"},"content":{"rendered":"<p><!--themify_builder_static--><\/p>\n<p>[wpmegamenu menu_location=\u00bbmain-nav\u00bb backgorund-color=\u00bb#ffffff\u00bb]<\/p>\n<p><a href=\"http:\/\/www.degren.eu\/?page_id=2161&#038;lang=pt\" > <img decoding=\"async\" src=\"http:\/\/www.degren.eu\/wp-content\/uploads\/2017\/12\/imago_manu.jpg\" alt=\"imago_manu\" \/> <\/a><\/p>\n<table style=\"width: 328px;\">\n<tbody>\n<tr>\n<td style=\"width: 318px;\"><img loading=\"lazy\" decoding=\"async\" src=\"http:\/\/www.degren.eu\/wp-content\/uploads\/2017\/12\/coiba.jpg\" alt=\"\" width=\"600\" height=\"363\" \/><\/td>\n<\/tr>\n<tr>\n<td style=\"width: 318px; text-align: left;\">\n<p>C\/ Eladio Salineros de los Santos 1, Edif. Plaza 06011 Badajoz, ES<br \/>+3492424150 \/ 6610300391<br \/><a href=\"http:\/\/www.coiiex.es\" target=\"_blank\" rel=\"noopener\"><strong>www.coiiex.es<\/strong><\/a><\/p>\n<p>[php_everywhere]<\/p>\n<\/td>\n<\/tr>\n<\/tbody>\n<\/table>\n<p>\u00a0<\/p>\n<h2 style=\"margin-bottom: -5px;\"><strong>COLEGIO OFICIAL DE INGENIEROS INDUSTRIALES DE EXTREMADURA<\/strong><\/h2>\n<hr style=\"margin-bottom: 10px;\" \/>\n<h3><strong>COIIEX<\/strong><\/h3>\n<p style=\"text-align: justify;\">O Col\u00e9gio Oficial de Engenheiros Industriais da Extremadura integra cerca de 400 engenheiros industriais, com um t\u00edtulo oficial reconhecido pelo Estado, que residem ou exercem sua profiss\u00e3o na comunidade aut\u00f4noma da Extremadura.<\/p>\n<p style=\"text-align: justify;\">\u00c9 considerada uma Corpora\u00e7\u00e3o de Direito P\u00fablico e totalmente capaz de agir para cumprir os seus prop\u00f3sitos e exercer seus poderes para salvaguardar o bom exerc\u00edcio da profiss\u00e3o como garantia dos direitos dos cidad\u00e3os.<\/p>\n<p><!--\/themify_builder_static--><\/p>\n","protected":false},"excerpt":{"rendered":"<p>[wpmegamenu menu_location=\u00bbmain-nav\u00bb backgorund-color=\u00bb#ffffff\u00bb] C\/ Eladio Salineros de los Santos 1, Edif. Plaza 06011 Badajoz, ES+3492424150 \/ 6610300391www.coiiex.es [php_everywhere] \u00a0 COLEGIO OFICIAL DE INGENIEROS INDUSTRIALES DE EXTREMADURA COIIEX O Col\u00e9gio Oficial [&hellip;]<\/p>\n","protected":false},"author":6,"featured_media":0,"parent":0,"menu_order":0,"comment_status":"closed","ping_status":"closed","template":"","meta":{"footnotes":""},"class_list":["post-1778","page","type-page","status-publish","hentry","has-post-title","has-post-date","has-post-category","has-post-tag","has-post-comment","has-post-author",""],"builder_content":"<p>[wpmegamenu menu_location=\"main-nav\" backgorund-color=\"#ffffff\"]<\/p>\n<a href=\"http:\/\/www.degren.eu\/?page_id=2161&#038;lang=pt\"> <img src=\"http:\/\/www.degren.eu\/wp-content\/uploads\/2017\/12\/imago_manu.jpg\" title=\"imago_manu\" alt=\"imago_manu\"> <\/a>\n<table style=\"width: 328px;\"><tbody><tr><td style=\"width: 318px;\"><img src=\"http:\/\/www.degren.eu\/wp-content\/uploads\/2017\/12\/coiba.jpg\" alt=\"\" width=\"600\" height=\"363\" \/><\/td><\/tr><tr><td style=\"width: 318px; text-align: left;\"><p>C\/ Eladio Salineros de los Santos 1, Edif. Plaza 06011 Badajoz, ES<br \/>+3492424150 \/ 6610300391<br \/><a href=\"http:\/\/www.coiiex.es\" target=\"_blank\" rel=\"noopener\"><strong>www.coiiex.es<\/strong><\/a><\/p><p>[php_everywhere]<br \/><\/p><\/td><\/tr><\/tbody><\/table><p>\u00a0<\/p>\n<h2 style=\"margin-bottom: -5px;\"><strong>COLEGIO OFICIAL DE INGENIEROS INDUSTRIALES DE EXTREMADURA<\/strong><\/h2><hr style=\"margin-bottom: 10px;\" \/><h3><strong>COIIEX<\/strong><\/h3><p style=\"text-align: justify;\">O Col\u00e9gio Oficial de Engenheiros Industriais da Extremadura integra cerca de 400 engenheiros industriais, com um t\u00edtulo oficial reconhecido pelo Estado, que residem ou exercem sua profiss\u00e3o na comunidade aut\u00f4noma da Extremadura.<\/p><p style=\"text-align: justify;\">\u00c9 considerada uma Corpora\u00e7\u00e3o de Direito P\u00fablico e totalmente capaz de agir para cumprir os seus prop\u00f3sitos e exercer seus poderes para salvaguardar o bom exerc\u00edcio da profiss\u00e3o como garantia dos direitos dos cidad\u00e3os.<\/p>","_links":{"self":[{"href":"http:\/\/www.degren.eu\/index.php?rest_route=\/wp\/v2\/pages\/1778","targetHints":{"allow":["GET"]}}],"collection":[{"href":"http:\/\/www.degren.eu\/index.php?rest_route=\/wp\/v2\/pages"}],"about":[{"href":"http:\/\/www.degren.eu\/index.php?rest_route=\/wp\/v2\/types\/page"}],"author":[{"embeddable":true,"href":"http:\/\/www.degren.eu\/index.php?rest_route=\/wp\/v2\/users\/6"}],"replies":[{"embeddable":true,"href":"http:\/\/www.degren.eu\/index.php?rest_route=%2Fwp%2Fv2%2Fcomments&post=1778"}],"version-history":[{"count":9,"href":"http:\/\/www.degren.eu\/index.php?rest_route=\/wp\/v2\/pages\/1778\/revisions"}],"predecessor-version":[{"id":2657,"href":"http:\/\/www.degren.eu\/index.php?rest_route=\/wp\/v2\/pages\/1778\/revisions\/2657"}],"wp:attachment":[{"href":"http:\/\/www.degren.eu\/index.php?rest_route=%2Fwp%2Fv2%2Fmedia&parent=1778"}],"curies":[{"name":"wp","href":"https:\/\/api.w.org\/{rel}","templated":true}]}}

<p><!--themify_builder_static--></p>
<p>[wpmegamenu menu_location=»main-nav» backgorund-color=»#ffffff»]</p>
<p><a href="http://www.degren.eu/?page_id=2161&#038;lang=pt" > <img decoding="async" src="http://www.degren.eu/wp-content/uploads/2017/12/imago_manu.jpg" alt="imago_manu" /> </a></p>
<table style="width: 328px;">
<tbody>
<tr>
<td style="width: 318px;"><img loading="lazy" decoding="async" src="http://www.degren.eu/wp-content/uploads/2017/12/coiba.jpg" alt="" width="600" height="363" /></td>
</tr>
<tr>
<td style="width: 318px; text-align: left;">
<p>C/ Eladio Salineros de los Santos 1, Edif. Plaza 06011 Badajoz, ES<br />+3492424150 / 6610300391<br /><a href="http://www.coiiex.es" target="_blank" rel="noopener"><strong>www.coiiex.es</strong></a></p>
<p>[php_everywhere]</p>
</td>
</tr>
</tbody>
</table>
<p> </p>
<h2 style="margin-bottom: -5px;"><strong>COLEGIO OFICIAL DE INGENIEROS INDUSTRIALES DE EXTREMADURA</strong></h2>
<hr style="margin-bottom: 10px;" />
<h3><strong>COIIEX</strong></h3>
<p style="text-align: justify;">O Colégio Oficial de Engenheiros Industriais da Extremadura integra cerca de 400 engenheiros industriais, com um título oficial reconhecido pelo Estado, que residem ou exercem sua profissão na comunidade autônoma da Extremadura.</p>
<p style="text-align: justify;">É considerada uma Corporação de Direito Público e totalmente capaz de agir para cumprir os seus propósitos e exercer seus poderes para salvaguardar o bom exercício da profissão como garantia dos direitos dos cidadãos.</p>
<p><!--/themify_builder_static--></p>

<p>[wpmegamenu menu_location=»main-nav» backgorund-color=»#ffffff»] C/ Eladio Salineros de los Santos 1, Edif. Plaza 06011 Badajoz, ES+3492424150 / 6610300391www.coiiex.es [php_everywhere]   COLEGIO OFICIAL DE INGENIEROS INDUSTRIALES DE EXTREMADURA COIIEX O Colégio Oficial [&hellip;]</p>

<p>[wpmegamenu menu_location="main-nav" backgorund-color="#ffffff"]</p>
<a href="http://www.degren.eu/?page_id=2161&#038;lang=pt"> <img src="http://www.degren.eu/wp-content/uploads/2017/12/imago_manu.jpg" title="imago_manu" alt="imago_manu"> </a>
<table style="width: 328px;"><tbody><tr><td style="width: 318px;"><img src="http://www.degren.eu/wp-content/uploads/2017/12/coiba.jpg" alt="" width="600" height="363" /></td></tr><tr><td style="width: 318px; text-align: left;"><p>C/ Eladio Salineros de los Santos 1, Edif. Plaza 06011 Badajoz, ES<br />+3492424150 / 6610300391<br /><a href="http://www.coiiex.es" target="_blank" rel="noopener"><strong>www.coiiex.es</strong></a></p><p>[php_everywhere]<br /></p></td></tr></tbody></table><p> </p>
<h2 style="margin-bottom: -5px;"><strong>COLEGIO OFICIAL DE INGENIEROS INDUSTRIALES DE EXTREMADURA</strong></h2><hr style="margin-bottom: 10px;" /><h3><strong>COIIEX</strong></h3><p style="text-align: justify;">O Colégio Oficial de Engenheiros Industriais da Extremadura integra cerca de 400 engenheiros industriais, com um título oficial reconhecido pelo Estado, que residem ou exercem sua profissão na comunidade autônoma da Extremadura.</p><p style="text-align: justify;">É considerada uma Corporação de Direito Público e totalmente capaz de agir para cumprir os seus propósitos e exercer seus poderes para salvaguardar o bom exercício da profissão como garantia dos direitos dos cidadãos.</p>
