{"id":1720,"date":"2018-01-20T22:20:19","date_gmt":"2018-01-20T22:20:19","guid":{"rendered":"http:\/\/www.degren.eu\/?page_id=1720"},"modified":"2019-10-29T20:58:08","modified_gmt":"2019-10-29T19:58:08","slug":"servicos-a-empresas","status":"publish","type":"page","link":"http:\/\/www.degren.eu\/?page_id=1720&lang=pt","title":{"rendered":"SERVI\u00c7OS A EMPRESAS"},"content":{"rendered":"<p><!--themify_builder_static--><\/p>\n<p>[wpmegamenu menu_location=\u00bbmain-nav\u00bb backgorund-color=\u00bb#ffffff\u00bb]<\/p>\n<p><a href=\"http:\/\/www.degren.eu\/?page_id=2161&#038;lang=pt\" > <img decoding=\"async\" src=\"http:\/\/www.degren.eu\/wp-content\/uploads\/2017\/12\/imago_manu.jpg\" alt=\"imago_manu\" \/> <\/a><\/p>\n<table style=\"width: 328px;\">\n<tbody>\n<tr>\n<td style=\"width: 318px;\"><img loading=\"lazy\" decoding=\"async\" src=\"http:\/\/www.degren.eu\/wp-content\/uploads\/2017\/12\/micrograden.jpg\" alt=\"\" width=\"600\" height=\"600\" \/><\/td>\n<\/tr>\n<tr>\n<td style=\"width: 318px; text-align: left;\">Microgarden1: viveiro sustent\u00e1vel para o cultivo de plantas de interior<br \/> <strong><a href=\"http:\/\/tomorrowmachine.se\/#Microgarden%20Kit\" target=\"_blank\" rel=\"noopener\">+info&#8230;<\/a><\/strong><\/td>\n<\/tr>\n<\/tbody>\n<\/table>\n<h2 style=\"margin-bottom: -5px;\"><strong>SERVI\u00c7OS A EMPRESAS<\/strong><\/h2>\n<hr style=\"margin-bottom: 20px;\" \/>\n<h3><strong>Servi\u00e7os<\/strong><\/h3>\n<p style=\"text-align: justify;\">A ativa\u00e7\u00e3o de <strong>servi\u00e7os de suporte<\/strong> em rela\u00e7\u00e3o ao Ecodesign \u00e9 um dos objetivos do projeto DEGREN, atrav\u00e9s do qual se destina a promover esta linha de neg\u00f3cios em empresas das regi\u00f5es da Extremadura, Centro e Alentejo.<\/p>\n<p style=\"text-align: justify;\">Os servi\u00e7os que ser\u00e3o oferecidos atrav\u00e9s do projeto basear-se-\u00e3o no aconselhamento e monitoramento de processos de conce\u00e7\u00e3o ecol\u00f3gica com base nas necessidades detetadas em cada caso.<\/p>\n<p style=\"text-align: justify;\">Um processo de identifica\u00e7\u00e3o das empresas e uma an\u00e1lise da melhoria das estrat\u00e9gias empresariais ser\u00e3o realizados para aumentar os n\u00edveis de sustentabilidade nos processos de fabrica\u00e7\u00e3o e produ\u00e7\u00e3o.<\/p>\n<p style=\"text-align: justify;\">A vigil\u00e2ncia estrat\u00e9gica, bem como o apoio em sistemas de qualidade e selos ambientais em produtos e servi\u00e7os ser\u00e3o alguns dos recursos que ser\u00e3o oferecidos \u00e0s empresas envolvidas.<\/p>\n<p><!--\/themify_builder_static--><\/p>\n","protected":false},"excerpt":{"rendered":"<p>[wpmegamenu menu_location=\u00bbmain-nav\u00bb backgorund-color=\u00bb#ffffff\u00bb] Microgarden1: viveiro sustent\u00e1vel para o cultivo de plantas de interior +info&#8230; SERVI\u00c7OS A EMPRESAS Servi\u00e7os A ativa\u00e7\u00e3o de servi\u00e7os de suporte em rela\u00e7\u00e3o ao Ecodesign \u00e9 um [&hellip;]<\/p>\n","protected":false},"author":6,"featured_media":0,"parent":0,"menu_order":0,"comment_status":"closed","ping_status":"closed","template":"","meta":{"footnotes":""},"class_list":["post-1720","page","type-page","status-publish","hentry","has-post-title","has-post-date","has-post-category","has-post-tag","has-post-comment","has-post-author",""],"builder_content":"<p>[wpmegamenu menu_location=\"main-nav\" backgorund-color=\"#ffffff\"]<\/p>\n<a href=\"http:\/\/www.degren.eu\/?page_id=2161&#038;lang=pt\"> <img src=\"http:\/\/www.degren.eu\/wp-content\/uploads\/2017\/12\/imago_manu.jpg\" title=\"imago_manu\" alt=\"imago_manu\"> <\/a>\n<table style=\"width: 328px;\"><tbody><tr><td style=\"width: 318px;\"><img src=\"http:\/\/www.degren.eu\/wp-content\/uploads\/2017\/12\/micrograden.jpg\" alt=\"\" width=\"600\" height=\"600\" \/><\/td><\/tr><tr><td style=\"width: 318px; text-align: left;\">Microgarden1: viveiro sustent\u00e1vel para o cultivo de plantas de interior<br \/> <strong><a href=\"http:\/\/tomorrowmachine.se\/#Microgarden%20Kit\" target=\"_blank\" rel=\"noopener\">+info...<\/a><\/strong><\/td><\/tr><\/tbody><\/table>\n<h2 style=\"margin-bottom: -5px;\"><strong>SERVI\u00c7OS A EMPRESAS<\/strong><\/h2><hr style=\"margin-bottom: 20px;\" \/><h3><strong>Servi\u00e7os<\/strong><\/h3><p style=\"text-align: justify;\">A ativa\u00e7\u00e3o de <strong>servi\u00e7os de suporte<\/strong> em rela\u00e7\u00e3o ao Ecodesign \u00e9 um dos objetivos do projeto DEGREN, atrav\u00e9s do qual se destina a promover esta linha de neg\u00f3cios em empresas das regi\u00f5es da Extremadura, Centro e Alentejo.<\/p><p style=\"text-align: justify;\">Os servi\u00e7os que ser\u00e3o oferecidos atrav\u00e9s do projeto basear-se-\u00e3o no aconselhamento e monitoramento de processos de conce\u00e7\u00e3o ecol\u00f3gica com base nas necessidades detetadas em cada caso.<\/p><p style=\"text-align: justify;\">Um processo de identifica\u00e7\u00e3o das empresas e uma an\u00e1lise da melhoria das estrat\u00e9gias empresariais ser\u00e3o realizados para aumentar os n\u00edveis de sustentabilidade nos processos de fabrica\u00e7\u00e3o e produ\u00e7\u00e3o.<\/p><p style=\"text-align: justify;\">A vigil\u00e2ncia estrat\u00e9gica, bem como o apoio em sistemas de qualidade e selos ambientais em produtos e servi\u00e7os ser\u00e3o alguns dos recursos que ser\u00e3o oferecidos \u00e0s empresas envolvidas.<\/p>","_links":{"self":[{"href":"http:\/\/www.degren.eu\/index.php?rest_route=\/wp\/v2\/pages\/1720","targetHints":{"allow":["GET"]}}],"collection":[{"href":"http:\/\/www.degren.eu\/index.php?rest_route=\/wp\/v2\/pages"}],"about":[{"href":"http:\/\/www.degren.eu\/index.php?rest_route=\/wp\/v2\/types\/page"}],"author":[{"embeddable":true,"href":"http:\/\/www.degren.eu\/index.php?rest_route=\/wp\/v2\/users\/6"}],"replies":[{"embeddable":true,"href":"http:\/\/www.degren.eu\/index.php?rest_route=%2Fwp%2Fv2%2Fcomments&post=1720"}],"version-history":[{"count":12,"href":"http:\/\/www.degren.eu\/index.php?rest_route=\/wp\/v2\/pages\/1720\/revisions"}],"predecessor-version":[{"id":2642,"href":"http:\/\/www.degren.eu\/index.php?rest_route=\/wp\/v2\/pages\/1720\/revisions\/2642"}],"wp:attachment":[{"href":"http:\/\/www.degren.eu\/index.php?rest_route=%2Fwp%2Fv2%2Fmedia&parent=1720"}],"curies":[{"name":"wp","href":"https:\/\/api.w.org\/{rel}","templated":true}]}}

SERVIÇOS A EMPRESAS

<p><!--themify_builder_static--></p>
<p>[wpmegamenu menu_location=»main-nav» backgorund-color=»#ffffff»]</p>
<p><a href="http://www.degren.eu/?page_id=2161&#038;lang=pt" > <img decoding="async" src="http://www.degren.eu/wp-content/uploads/2017/12/imago_manu.jpg" alt="imago_manu" /> </a></p>
<table style="width: 328px;">
<tbody>
<tr>
<td style="width: 318px;"><img loading="lazy" decoding="async" src="http://www.degren.eu/wp-content/uploads/2017/12/micrograden.jpg" alt="" width="600" height="600" /></td>
</tr>
<tr>
<td style="width: 318px; text-align: left;">Microgarden1: viveiro sustentável para o cultivo de plantas de interior<br /> <strong><a href="http://tomorrowmachine.se/#Microgarden%20Kit" target="_blank" rel="noopener">+info&#8230;</a></strong></td>
</tr>
</tbody>
</table>
<h2 style="margin-bottom: -5px;"><strong>SERVIÇOS A EMPRESAS</strong></h2>
<hr style="margin-bottom: 20px;" />
<h3><strong>Serviços</strong></h3>
<p style="text-align: justify;">A ativação de <strong>serviços de suporte</strong> em relação ao Ecodesign é um dos objetivos do projeto DEGREN, através do qual se destina a promover esta linha de negócios em empresas das regiões da Extremadura, Centro e Alentejo.</p>
<p style="text-align: justify;">Os serviços que serão oferecidos através do projeto basear-se-ão no aconselhamento e monitoramento de processos de conceção ecológica com base nas necessidades detetadas em cada caso.</p>
<p style="text-align: justify;">Um processo de identificação das empresas e uma análise da melhoria das estratégias empresariais serão realizados para aumentar os níveis de sustentabilidade nos processos de fabricação e produção.</p>
<p style="text-align: justify;">A vigilância estratégica, bem como o apoio em sistemas de qualidade e selos ambientais em produtos e serviços serão alguns dos recursos que serão oferecidos às empresas envolvidas.</p>
<p><!--/themify_builder_static--></p>

<p>[wpmegamenu menu_location=»main-nav» backgorund-color=»#ffffff»] Microgarden1: viveiro sustentável para o cultivo de plantas de interior +info&#8230; SERVIÇOS A EMPRESAS Serviços A ativação de serviços de suporte em relação ao Ecodesign é um [&hellip;]</p>

<p>[wpmegamenu menu_location="main-nav" backgorund-color="#ffffff"]</p>
<a href="http://www.degren.eu/?page_id=2161&#038;lang=pt"> <img src="http://www.degren.eu/wp-content/uploads/2017/12/imago_manu.jpg" title="imago_manu" alt="imago_manu"> </a>
<table style="width: 328px;"><tbody><tr><td style="width: 318px;"><img src="http://www.degren.eu/wp-content/uploads/2017/12/micrograden.jpg" alt="" width="600" height="600" /></td></tr><tr><td style="width: 318px; text-align: left;">Microgarden1: viveiro sustentável para o cultivo de plantas de interior<br /> <strong><a href="http://tomorrowmachine.se/#Microgarden%20Kit" target="_blank" rel="noopener">+info...</a></strong></td></tr></tbody></table>
<h2 style="margin-bottom: -5px;"><strong>SERVIÇOS A EMPRESAS</strong></h2><hr style="margin-bottom: 20px;" /><h3><strong>Serviços</strong></h3><p style="text-align: justify;">A ativação de <strong>serviços de suporte</strong> em relação ao Ecodesign é um dos objetivos do projeto DEGREN, através do qual se destina a promover esta linha de negócios em empresas das regiões da Extremadura, Centro e Alentejo.</p><p style="text-align: justify;">Os serviços que serão oferecidos através do projeto basear-se-ão no aconselhamento e monitoramento de processos de conceção ecológica com base nas necessidades detetadas em cada caso.</p><p style="text-align: justify;">Um processo de identificação das empresas e uma análise da melhoria das estratégias empresariais serão realizados para aumentar os níveis de sustentabilidade nos processos de fabricação e produção.</p><p style="text-align: justify;">A vigilância estratégica, bem como o apoio em sistemas de qualidade e selos ambientais em produtos e serviços serão alguns dos recursos que serão oferecidos às empresas envolvidas.</p>
